 = 0. What are the prime factors of ((-17706)/(-65))/((-2)/t)?
2, 3, 227
Let w(b) = -7*b + 25. Let j be w(3). Suppose -3*r + 2518 = 7*u - 2*u, j*r = -16. List the prime factors of u.
2, 11, 23
Let q = -273 + 290. Suppose -q*l + 2144 = -13*l. What are the prime factors of l?
2, 67
Let o be -10*(-3)/((-51)/6 - -1). Let h be o/18 - 2/((-18)/5447). Suppose 4*k - 139 - h = 0. List the prime factors of k.
2, 3, 31
Let d be 1140/6*36/(-24). List the prime factors of d/(-2) + 19/(-38) + 0.
2, 71
Let x(n) = -34*n + 58. Let z be x(-9). Suppose -z - 46 = -2*i. What are the prime factors of i?
5, 41
Let g(y) = 5*y**3 - 32*y**2 - 52*y - 19. Let j(f) = 4*f**3 - 31*f**2 - 51*f - 21. Let x(s) = -3*g(s) + 4*j(s). List the prime factors of x(30).
3, 37
Suppose -4*i + 3 = -x, 3 = 4*i + x + 6. Suppose 5*k = 4*y + y - 4575, i = -3*y + 2*k + 2741. List the prime factors of y.
911
Let v = 1358 + -471. List the prime factors of v.
887
Let h(d) = -d**3 + d**2 + 6*d - 7. Suppose 0 = 3*l - l - o + 13, 6 = 2*o. Let m be h(l). Suppose 23 - m = -3*k. What are the prime factors of k?
2, 3, 5
Let m(b) = 412*b + 1952. What are the prime factors of m(55)?
2, 3, 7, 293
Suppose q + 21 = 4*i, -31*q + 35*q + 4*i = -4. List the prime factors of 35/70 + ((-14510)/4)/q.
2, 3, 11
Suppose 16 = 4*f + 4*f. Suppose -4104 = -6*m - f*m. What are the prime factors of m?
3, 19
Let w(k) = -3*k**2 + 5*k - 9. Let t be w(-3). Let s = t - -502. What are the prime factors of s?
11, 41
Let g(j) = -4*j**2 - 25*j - 17. Let z be g(-4). Suppose -618 = 16*a - z*a. What are the prime factors of a?
2, 103
What are the prime factors of 10/4*-14*(-1083)/5?
3, 7, 19
Suppose a = 5*x + 16, 2*a + 3*x = a. Suppose 15 = a*i - 7*i. List the prime factors of -5*(-1 - (-96)/i).
37
Suppose -3*d - 5*t + 9 = 0, 2*d - 4*d + 2*t = -6. List the prime factors of d + 2 + -1 - (1 - 117).
2, 3, 5
Let h be -1 + 1 + (14 - 9). Suppose -2*q - 1170 = -4*r, -h*q - 745 = -2*r - 156. What are the prime factors of r?
2, 73
Suppose -714*d + 30480 = 2*w - 718*d, 30478 = 2*w - 5*d. List the prime factors of w.
2, 37, 103
Suppose 10*h - 8*h + 16 = -4*i, -i + h - 10 = 0. List the prime factors of (i - 27/(-3)) + 1760.
41, 43
Let n(l) = -l + 4. Let m(v) = v - 5. Let z(k) = -5*m(k) - 6*n(k). Let x(y) = 14*y - 33. Let g(w) = x(w) + 3*z(w). List the prime factors of g(11).
157
Let w = 775 + -74. Suppose 9*g - 8461 = w. What are the prime factors of g?
2, 509
Let i(u) be the first derivative of 7*u**3/3 + u**2/2 + 120. List the prime factors of i(-2).
2, 13
What are the prime factors of 4098 + ((-10)/(-20))/((-4)/(-24))?
3, 1367
Let h = 8248 + -7472. List the prime factors of h.
2, 97
Suppose 6640184 = -183*y + 16350164. List the prime factors of y.
2, 5, 7, 379
Let l = -114 + 134. List the prime factors of ((-1776)/(-15) - 3) + (-8)/l.
5, 23
Suppose 6*o - 12 = -0*o. Suppose -5*f + 1926 = -o*v, 2 = -v - 1. Suppose 26*m - 20*m - f = 0. List the prime factors of m.
2
Let d(o) = -2*o**3 + 122*o**2 + 33*o + 21. List the prime factors of d(60).
3, 3067
Let f be 15*((-19)/5 + 3). Let u be 18 + f/3 + 2. Let v(k) = 8*k - 10. List the prime factors of v(u).
2, 59
Suppose -5*j - 24 + 34 = 0, 3*j + 29366 = 4*h. What are the prime factors of h?
7, 1049
Let i(v) = 500*v - 41. Let a(r) = 503*r - 41. Let h(g) = 3*a(g) - 4*i(g). What are the prime factors of h(-1)?
2, 7, 19
Suppose -428 = -31*i + 27*i. Let p = i - 107. Suppose p = 4*f - 5*y - 35, -3*y = 2*f - 10 - 13. What are the prime factors of f?
2, 5
Suppose -11*u - 4*f - 25172 = -14*u, 2*u - 3*f - 16780 = 0. What are the prime factors of u?
2, 2099
Let d = 56 - 59. Let k be 5/((d - -1)/(-2)). Suppose 277 + 118 = k*m. List the prime factors of m.
79
Suppose -100*b = -211922 - 101478. List the prime factors of b.
2, 1567
Let s = 6735 + -2768. What are the prime factors of s?
3967
Suppose -19*v = 6100 - 31514 - 55469. What are the prime factors of v?
3, 11, 43
Let t = 386 + -382. Suppose 0 = -3*x + 23*j - 25*j + 1941, 3*x = -t*j + 1935. List the prime factors of x.
11, 59
Let s = 2176 - -4087. List the prime factors of s.
6263
Let u = 102 - 42. What are the prime factors of u*((-15)/(-2) + 0)?
2, 3, 5
Let f be (-39)/(-12)*-22*10. Let s = -381 - f. What are the prime factors of s?
2, 167
Let p = -10 - -14. Suppose -p*a - g + 371 = -985, -664 = -2*a + 3*g. Suppose a = 5*k + w + 88, 5*k + 5*w - 270 = 0. List the prime factors of k.
7
Suppose 0*i = -39*i + 309621. What are the prime factors of i?
17, 467
Let a(z) = -263 - 220*z - 202*z - 182*z + 689*z. What are the prime factors of a(15)?
2, 11, 23
Suppose -4*t + 80 = -3*l - 36, 0 = -t + l + 28. Let w = 40 - t. Let v(z) = -z**3 + 11*z**2 - 7*z - 18. List the prime factors of v(w).
2, 59
List the prime factors of 3/((-15)/2020)*(-490)/56.
5, 7, 101
Let a(z) = -z**3 + 9*z**2 + 3*z + 71. Let t be a(10). List the prime factors of (4104/(-19))/(t/(-2)) - 5.
7, 61
What are the prime factors of 42/105 - (279252/(-20) + 4)?
3, 11, 47
Let h(c) = 3*c + 7. Let m be h(-18). Let w(j) = -15*j + 287. What are the prime factors of w(m)?
2, 31
Let y = 758 + -765. What are the prime factors of (2 + y)*(-3760)/16?
5, 47
Suppose -2*s + 13266 + 35720 = -2*l, -10 = 2*l. What are the prime factors of s?
2, 3061
Let m(a) = -a**2 - 10*a - 5. Let v be m(-9). Suppose -v*h - j = -1289, -h + 4*h + 4*j - 983 = 0. What are the prime factors of h?
3, 107
Let r = -21 - 8. Let p = 36 + r. Let y(m) = 8*m + 2. What are the prime factors of y(p)?
2, 29
Let c(i) = -541*i + 181. What are the prime factors of c(-1)?
2, 19
Suppose -9*q + 2165 = -4*q. Suppose 5*x = -2*r + 1336, -3*x + q = -5*r - 350. What are the prime factors of x?
2, 7, 19
Let z = 6096 + 9949. List the prime factors of z.
5, 3209
List the prime factors of 1 + 7634 + (-104)/(-8).
2, 239
Suppose 0*v + 11 = 3*d + v, 2*v = -4*d + 14. Let y be -2 + (-364)/(-16) - 3/d. Suppose -128 = -4*q - y. List the prime factors of q.
3
Suppose 5*x - 10 = 0, -4*b + 4*x + 8744 = -10720. What are the prime factors of b?
2, 1217
Let n = 2641 - -7279. List the prime factors of n.
2, 5, 31
Let d = 81995 - 49109. What are the prime factors of d?
2, 3, 7, 29
Suppose 18*f - 322 + 106 = 0. Let a(b) = 22 - 7 + 0*b**2 - 8*b + b**2. What are the prime factors of a(f)?
3, 7
Let u(q) = 9*q**2 + 1. Let v be u(1). Suppose v*a + 2 = 22. Suppose -3*g + 2*r + 55 = -3*r, -a*g + 34 = -2*r. List the prime factors of g.
3, 5
Suppose 0 = -5*n - 3*l - 49, 3*n + 27 + 0 = -l. Let d be n/6 + (-208)/(-39). Suppose -156 - d = -5*j. What are the prime factors of j?
2
Let f be 4/(-6)*(-17 + 23). What are the prime factors of f/(-9)*-3*-177?
2, 59
Suppose -2143753 - 1084871 = -20*u - 64*u. List the prime factors of u.
2, 3, 3203
Let l be (-4)/((-24)/(-18)) - (2 + 13). List the prime factors of (-88)/((l/(-12))/(-3)).
2, 11
Suppose -21954 = -13*y + 11*y + 4*l, 2*l = 4*y - 43926. What are the prime factors of y?
3, 7, 523
Let q be 55 - 2/(2*-1). Suppose -3*a + 6 = 9, -10 = b + a. Let d = q + b. What are the prime factors of d?
47
Suppose 3*c + 9810 = 3*l, 12*l + c + 13083 = 16*l. Suppose 4*b - l + 767 = 0. List the prime factors of b.
2, 313
Suppose 389332 - 1484608 = -17*j. List the prime factors of j.
2, 3, 7, 13, 59
Let u(s) = -s**3 - 17*s**2 + 27*s + 35. Let y be u(-19). Let m = y - -1078. What are the prime factors of m?
2, 661
Suppose 0 = -18*n + 271657 + 17189. List the prime factors of n.
3, 1783
Let p = 114 + 39. List the prime factors of p.
3, 17
Let y(q) = 2*q**3 - 22*q**2 + 41*q + 104. List the prime factors of y(19).
6659
Let z(v) be the first derivative of -v**4/2 - 34*v**3/3 - 8*v**2 - 51*v + 174. List the prime factors of z(-17).
13, 17
Let m = 3088 + -322. What are the prime factors of m?
2, 3, 461
List the prime factors of 1*(-4 - -2)*40150/(-20).
5, 11, 73
Let s be -3110 + -8 + -4 + 3. Let h = -2170 - s. What are the prime factors of h?
13, 73
Suppose 0 = 2*t - 7*t + 15. Suppose t*c = -4*i + 245 - 38, 4*c = 4*i + 276. Let a = c - -103. What are the prime factors of a?
2, 43
Suppose -5419 = -14*f + 2239. Suppose -v + 2*w = -610, -v + 5*w = -63 - f. List the prime factors of v.
2, 5, 61
Suppose 197*v + 133170 - 8713657 = -603366. What are the prime factors of v?
40493
What are the prime factors of (54/7)/((-468)/(-463008))?
2, 3, 53
Let b = -31 - -32. Let k be (5/2 